{"id":404,"date":"2025-07-10T01:12:08","date_gmt":"2025-07-09T23:12:08","guid":{"rendered":"https:\/\/www.zoebymonica.com\/?post_type=product&#038;p=404"},"modified":"2025-07-21T14:05:49","modified_gmt":"2025-07-21T12:05:49","slug":"projet-ebook-quand-lamitie-se-brise","status":"publish","type":"product","link":"https:\/\/www.zoebymonica.com\/index.php\/produit\/projet-ebook-quand-lamitie-se-brise\/","title":{"rendered":"Nos amiti\u00e9s perdues"},"content":{"rendered":"<p>Cet e-book explore la douleur profonde et souvent invisible de la rupture amicale, v\u00e9cue comme un v\u00e9ritable deuil. Il d\u00e9crit les diff\u00e9rentes formes de ce deuil (anticipatoire, d\u00e9saffranchi, traumatique), les blessures \u00e9motionnelles qu\u2019il r\u00e9veille (abandon, rejet, trahison, humiliation, injustice) et propose un chemin de gu\u00e9rison fond\u00e9 sur la reconnaissance de la perte, l\u2019expression des \u00e9motions, le pardon et la gratitude. L\u2019auteure invite \u00e0 donner un nouveau sens \u00e0 cette \u00e9preuve, \u00e0 transformer la souffrance en force int\u00e9rieure et \u00e0 avancer vers la r\u00e9silience et la croissance personnelle, en s\u2019ouvrant \u00e0 de nouvelles relations et opportunit\u00e9s.<\/p>\n","protected":false},"excerpt":{"rendered":"<p>Cet e-book explore la douleur profonde et souvent invisible de la rupture amicale, v\u00e9cue comme un v\u00e9ritable deuil. Il d\u00e9crit les diff\u00e9rentes formes de ce deuil (anticipatoire, d\u00e9saffranchi, traumatique), les blessures \u00e9motionnelles qu\u2019il r\u00e9veille (abandon, rejet, trahison, humiliation, injustice) et propose un chemin de gu\u00e9rison fond\u00e9 sur la reconnaissance de la perte, l\u2019expression des \u00e9motions, le pardon et la gratitude. L\u2019auteure invite \u00e0 donner un nouveau sens \u00e0 cette \u00e9preuve, \u00e0 transformer la souffrance en force int\u00e9rieure et \u00e0 avancer vers la r\u00e9silience et la croissance personnelle, en s\u2019ouvrant \u00e0 de nouvelles relations et opportunit\u00e9s.<\/p>\n","protected":false},"featured_media":527,"comment_status":"open","ping_status":"closed","template":"","meta":{"saved_in_kubio":false},"product_brand":[],"product_cat":[80],"product_tag":[83,82,81,84,85],"class_list":{"0":"post-404","1":"product","2":"type-product","3":"status-publish","4":"has-post-thumbnail","6":"product_cat-e-book","7":"product_tag-amitie","8":"product_tag-deuil","9":"product_tag-e-book","10":"product_tag-guerison","11":"product_tag-resilience","13":"first","14":"instock","15":"downloadable","16":"virtual","17":"purchasable","18":"product-type-simple"},"jetpack_sharing_enabled":true,"_links":{"self":[{"href":"https:\/\/www.zoebymonica.com\/index.php\/wp-json\/wp\/v2\/product\/404","targetHints":{"allow":["GET"]}}],"collection":[{"href":"https:\/\/www.zoebymonica.com\/index.php\/wp-json\/wp\/v2\/product"}],"about":[{"href":"https:\/\/www.zoebymonica.com\/index.php\/wp-json\/wp\/v2\/types\/product"}],"replies":[{"embeddable":true,"href":"https:\/\/www.zoebymonica.com\/index.php\/wp-json\/wp\/v2\/comments?post=404"}],"wp:featuredmedia":[{"embeddable":true,"href":"https:\/\/www.zoebymonica.com\/index.php\/wp-json\/wp\/v2\/media\/527"}],"wp:attachment":[{"href":"https:\/\/www.zoebymonica.com\/index.php\/wp-json\/wp\/v2\/media?parent=404"}],"wp:term":[{"taxonomy":"product_brand","embeddable":true,"href":"https:\/\/www.zoebymonica.com\/index.php\/wp-json\/wp\/v2\/product_brand?post=404"},{"taxonomy":"product_cat","embeddable":true,"href":"https:\/\/www.zoebymonica.com\/index.php\/wp-json\/wp\/v2\/product_cat?post=404"},{"taxonomy":"product_tag","embeddable":true,"href":"https:\/\/www.zoebymonica.com\/index.php\/wp-json\/wp\/v2\/product_tag?post=404"}],"curies":[{"name":"wp","href":"https:\/\/api.w.org\/{rel}","templated":true}]}}