{"id":577,"date":"2025-10-29T16:25:37","date_gmt":"2025-10-29T15:25:37","guid":{"rendered":"https:\/\/www.zoebymonica.com\/?post_type=product&#038;p=577"},"modified":"2025-10-29T16:25:38","modified_gmt":"2025-10-29T15:25:38","slug":"prise-de-contact","status":"publish","type":"product","link":"https:\/\/www.zoebymonica.com\/index.php\/produit\/prise-de-contact\/","title":{"rendered":"Prise de contact"},"content":{"rendered":"<ol>\n<li>Prise de contact c&rsquo;est une s\u00e9ance d\u00e9couverte pour apprendre \u00e0 conna\u00eetre la personne et identifier ses besoins en terme d&rsquo;accompagnement et dur\u00e9e (30min)<\/li>\n<\/ol>\n","protected":false},"excerpt":{"rendered":"<p>Prise de contact c&rsquo;est une s\u00e9ance d\u00e9couverte pour apprendre \u00e0 conna\u00eetre la personne et identifier ses besoins en terme d&rsquo;accompagnement et dur\u00e9e (30min)<\/p>\n","protected":false},"featured_media":578,"comment_status":"open","ping_status":"closed","template":"","meta":{"saved_in_kubio":false},"product_brand":[],"product_cat":[86],"product_tag":[],"class_list":{"0":"post-577","1":"product","2":"type-product","3":"status-publish","4":"has-post-thumbnail","6":"product_cat-accompagnement","8":"first","9":"instock","10":"shipping-taxable","11":"purchasable","12":"product-type-simple"},"jetpack_sharing_enabled":true,"_links":{"self":[{"href":"https:\/\/www.zoebymonica.com\/index.php\/wp-json\/wp\/v2\/product\/577","targetHints":{"allow":["GET"]}}],"collection":[{"href":"https:\/\/www.zoebymonica.com\/index.php\/wp-json\/wp\/v2\/product"}],"about":[{"href":"https:\/\/www.zoebymonica.com\/index.php\/wp-json\/wp\/v2\/types\/product"}],"replies":[{"embeddable":true,"href":"https:\/\/www.zoebymonica.com\/index.php\/wp-json\/wp\/v2\/comments?post=577"}],"wp:featuredmedia":[{"embeddable":true,"href":"https:\/\/www.zoebymonica.com\/index.php\/wp-json\/wp\/v2\/media\/578"}],"wp:attachment":[{"href":"https:\/\/www.zoebymonica.com\/index.php\/wp-json\/wp\/v2\/media?parent=577"}],"wp:term":[{"taxonomy":"product_brand","embeddable":true,"href":"https:\/\/www.zoebymonica.com\/index.php\/wp-json\/wp\/v2\/product_brand?post=577"},{"taxonomy":"product_cat","embeddable":true,"href":"https:\/\/www.zoebymonica.com\/index.php\/wp-json\/wp\/v2\/product_cat?post=577"},{"taxonomy":"product_tag","embeddable":true,"href":"https:\/\/www.zoebymonica.com\/index.php\/wp-json\/wp\/v2\/product_tag?post=577"}],"curies":[{"name":"wp","href":"https:\/\/api.w.org\/{rel}","templated":true}]}}